v be g(-5). Let h be (v/10)/(1/(-15)). Calculate the greatest common factor of h and 4.
4
Let r = -123 + 552. Calculate the greatest common divisor of 33 and r.
33
Let g = -2 + -8. Let x be (96/g)/(1/(-5)). Calculate the highest common divisor of 12 and x.
12
Let s be (7/(-14))/((-1)/312). Let d be (4/(-6))/((-8)/s). Let f = 43 - -74. Calculate the greatest common divisor of d and f.
13
Let l(p) = -p**3 - 15*p**2 - 15*p + 15. Let j be l(-14). Calculate the highest common divisor of j and 145.
29
Let f be 4/(-6)*27/(-3). Let d(l) be the first derivative of 3*l**2/2 - 6*l + 5. Let z be d(6). Calculate the highest common divisor of f and z.
6
Let f be 1*-86*5/(-10). Calculate the highest common factor of 86 and f.
43
Let d(l) = -l + 3. Let z be 6/(-4) - (-21)/14. Let q be d(z). What is the greatest common divisor of 3 and q?
3
Let n be (1 + -1)*(-5)/(-10). Let z be -3 + 6 + 7 + n. Calculate the highest common divisor of z and 50.
10
Suppose -168 = 5*i - 3*j, -4*i + 5*j = 186 - 49. Let m = -18 - i. What is the greatest common divisor of m and 105?
15
Suppose -2 = -f, -4*h + 90 = 3*f + 2*f. Suppose -3*x - h + 1 = 5*q, -3*x + 1 = q. Suppose -7 = -x*b + 3. What is the highest common factor of b and 5?
5
Let p be -9*(-2 - (2 + 0)). What is the highest common factor of p and 18?
18
Let v be (5 - 1) + (-1 - 0)/(-1). What is the greatest common divisor of v and 15?
5
Let g = 4 + 149. Let b(l) = l**3 - 13*l**2 + 9*l + 13. Let a be b(12). Let o = a - -40. What is the highest common divisor of o and g?
17
Let v(n) = 3*n**2 - n + 2. Let y be v(2). Suppose -2*l = -4*l + y. Suppose 16 = a + l. Calculate the highest common factor of a and 90.
10
Suppose 4*b = -2*n + 32, -2*b = 3*b - 4*n - 14. Let k be (20 - 3) + b/3. Calculate the highest common factor of k and 19.
19
Suppose 4*j = 7*j - 60. Calculate the greatest common factor of 4 and j.
4
Let h be -9*1/(-6)*-4. Let g be (-413)/(-21) + 4/h. What is the highest common factor of 19 and g?
19
Suppose 2*p - 6 = -2*g, 0*p + 5*g - 11 = -p. Suppose -4*s + 6*f = 3*f + 68, 0 = -4*s + f - 76. Let c = s + 28. Calculate the highest common factor of p and c.
1
Let a = -5 + 7. Let h = 7 - 6. What is the highest common factor of h and a?
1
Let p be 99/4 - (-3)/12. Calculate the greatest common divisor of p and 125.
25
Let h(g) be the first derivative of 6*g**4 - g**3/3 + g**2/2 - 2. Let c be h(1). Calculate the greatest common factor of c and 36.
12
Suppose -3*u + 11 = 5*h - 2, -1 = -u. Calculate the highest common factor of 14 and h.
2
Let o(c) = 3*c + 36. Let x be o(0). Let b be (-50)/(-6) - 2/(-3). Calculate the greatest common factor of b and x.
9
Suppose -2*z = 0, -3*x - 10 = -5*x + 5*z. Let p(j) = -j. Let t be p(-5). Calculate the highest common factor of x and t.
5
Suppose 0 = -33*p + 25*p + 304. What is the highest common divisor of p and 57?
19
Let y(j) = j**3 - 5*j**2 - 4*j - 6. Let b be y(6). Suppose u - b*u + 185 = 0. Let h = u - 3. What is the highest common factor of h and 17?
17
Suppose h + 4*v - 92 = 83, h - 181 = -2*v. Calculate the greatest common divisor of 17 and h.
17
Let b be (-6)/(-1)*(-2)/(-6). Let c be -1*(b/1 - 2). Let t(k) = k**3 - k**2 + k + 14. Let y be t(c). What is the greatest common divisor of 35 and y?
7
Let u(d) = -1 + 0*d + 34*d**2 + 1 + 2*d. Let w be u(-2). Calculate the highest common factor of w and 12.
12
Let l(q) be the first derivative of q**3/3 + q**2 - q - 1. Let o be l(-5). What is the highest common divisor of 42 and o?
14
Let q = 1 + 6. Let m(h) = 9*h + 1. Let y be m(q). What is the greatest common factor of y and 16?
16
Let q be 3 - 76*2/4. Let m = -15 - q. What is the highest common divisor of 8 and m?
4
Let v be ((-196)/(-21) - -2)*(2 - -1). What is the highest common divisor of v and 68?
34
Suppose 5*c = 2*c + 18. Let h be 6/15 - c/15. Suppose -3*b + h*b = -27. Calculate the greatest common divisor of 81 and b.
9
Let q = 8 + -4. Let u be q/(-2 + (1 - -2)). What is the highest common divisor of 6 and u?
2
Let a(t) = -t**3 + 7*t**2 + 3. Let s be (0 - 1) + 1*8. Let b be a(s). Suppose 0 = b*w - 6, 6 = 2*k - 2*w - 0. What is the highest common factor of 20 and k?
5
Let t(s) be the second derivative of -7*s**3/3 + 4*s. Let h be t(-1). What is the highest common factor of h and 35?
7
Let t be (-6)/9*30/(-2). Let d(g) = -g**2 + 8*g + 3. Let l be d(6). What is the highest common factor of t and l?
5
Suppose z + 46 = 3*w, -w + 31 + 11 = 5*z. Let p be (-237)/(-2) + (-2)/(-4). Calculate the greatest common divisor of p and w.
17
Let h = 24 + -12. Let n(u) = u + 13. Let d be n(-7). Calculate the greatest common factor of h and d.
6
Let m = -94 - -109. Calculate the greatest common factor of m and 195.
15
Suppose 4*u - 418 = -2*i, 2*u - 120 - 746 = -4*i. Let a be (i + -3)*(-3)/(-6). What is the greatest common divisor of 12 and a?
12
Suppose -2*v = v. Let c = v - 1. Let k be 60/(-1)*c/2. What is the highest common factor of k and 12?
6
Let l(u) = u**3 - u**2 + 51. Let n be l(0). Suppose s = 22 - 4. Suppose -j + s - 1 = 0. What is the greatest common divisor of j and n?
17
Let m = 26 + -14. Let o be 8/m*3 - -7. Calculate the highest common divisor of 81 and o.
9
Suppose -7*h + 3*h = 0. Let v be (-1)/(h + 2/(-4)). Let u be (-8)/(-2*4/16). What is the highest common divisor of u and v?
2
Suppose 0 = 3*u + 4*q - 35 + 3, 5*u - 5*q + 5 = 0. Suppose -u*v - 26 = -d, -4*v + 0 = 4. Calculate the greatest common factor of d and 2.
2
Let o be 0/(4*(-2)/(-8)). Let r be (o + 7)*(-4 - -5). Let x be (3 - -32)/(0 + 1). What is the greatest common factor of x and r?
7
Suppose -38 = -5*w + 5*m + 322, 5*w - 387 = -4*m. Suppose -w = -2*u - 3*u. Calculate the greatest common factor of 45 and u.
15
Let q = -139 + 156. Calculate the greatest common divisor of q and 391.
17
Let p be 245*(12/15)/2. What is the greatest common divisor of p and 14?
14
Suppose -4*l - 5*j = -43, -2*j = -5*l + 8 + 21. What is the greatest common factor of 2 and l?
1
Let b(m) = -m**2 + 18. Let l be b(0). Suppose -5*d + 13 + 12 = 0. Suppose -d*y + 10 = -35. Calculate the greatest common divisor of l and y.
9
Suppose -3*k + 65 = -g, 0*k - 5*g = -5*k + 115. Let c(w) = 4*w**2 + 3. Let r be c(6). What is the greatest common divisor of k and r?
21
Suppose 0 = 4*q, 0 = 4*t - 4*q + 2*q - 20. Suppose 0 = -i - 5 - 3. Let u be (-44)/i + 2/(-4). Calculate the greatest common divisor of u and t.
5
Let p = 3 + 1. Suppose -o + 5*o = 3*k - 377, o + 80 = -p*k. Let t = o - -290. Calculate the highest common divisor of t and 18.
18
Let b = -15 - 23. Let k = 67 + b. Let h = 44 - k. What is the highest common factor of 60 and h?
15
Let w = -14 + 13. Let v be (-190)/(-8) + w/(-4). Calculate the highest common factor of v and 3.
3
Let x = 1 - -14. What is the highest common divisor of 90 and x?
15
Suppose 4*c + 19 + 1 = 0. Let n be (-2)/c*(-12 - -2). Let m(i) = -19*i - 1. Let g be m(n). Calculate the highest common divisor of g and 15.
15
Suppose 60 = 4*x + 5*m, -32 = -4*x - 2*m + 4*m. What is the highest common divisor of x and 5?
5
Suppose 5*p - 1405 - 25 = 0. Calculate the greatest common factor of p and 26.
26
Let z = 36 + -23. What is the highest common divisor of z and 91?
13
Suppose -j - 5*o - 330 = -6*j, -3*j + 174 = 5*o. Calculate the highest common divisor of 7 and j.
7
Let i be (-1)/((-8)/(-126))*-4. Let t(a) = -4*a - 1. Let o(h) = -h + 1. Let c be o(3). Let s be t(c). Calculate the greatest common factor of i and s.
7
Suppose -2*h = -5 - 3. Suppose -3*p + 5*t - 2 + 9 = 0, 2*p + 4*t = 12. Suppose x = p*x - 30. Calculate the highest common factor of x and h.
2
Let o = -40 + 48. Calculate the highest common factor of o and 4.
4
Suppose -b - 32 = -5*b. Suppose -j + 27 = -29. Calculate the greatest common divisor of j and b.
8
Suppose t - 2 - 1 = 0. Suppose -118 - 17 = -5*b. What is the greatest common divisor of b and t?
3
Suppose 5*j = b + 346, -2*b + 134 = 2*j - 14. Suppose 3*c = -2*c + j. What is the greatest common divisor of c and 98?
14
Suppose -5*n + 34 = 5*c - 541, -3*c = -2*n + 245. Calculate the highest common divisor of 59 and n.
59
Suppose -4*z + 110 = z. What is the highest common divisor of 2 and z?
2
Suppose 440 = 41*a - 36*a. What is the greatest common factor of 11 and a?
11
Let z = -5 + 7. Let h(w) = w**2 - w. Let q be h(z). Le